the thousands digit of 5186250?
6
What is the millions digit of 3345974?
3
What is the ten thousands digit of 8084309?
8
What is the ten thousands digit of 1347079?
4
What is the thousands digit of 357243?
7
What is the millions digit of 7168170?
7
What is the units digit of 35383?
3
What is the hundred thousands digit of 4771226?
7
What is the units digit of 1343704?
4
What is the hundred thousands digit of 347302?
3
What is the thousands digit of 9376161?
6
What is the units digit of 481753?
3
What is the units digit of 15392858?
8
What is the ten thousands digit of 1170880?
7
What is the thousands digit of 612607?
2
What is the thousands digit of 371401?
1
What is the hundreds digit of 40031340?
3
What is the thousands digit of 105245?
5
What is the tens digit of 3479497?
9
What is the thousands digit of 806274?
6
What is the tens digit of 3594803?
0
What is the ten thousands digit of 1689989?
8
What is the hundreds digit of 3280739?
7
What is the ten thousands digit of 3632465?
3
What is the ten thousands digit of 652674?
5
What is the units digit of 17905?
5
What is the millions digit of 6710692?
6
What is the ten millions digit of 34918336?
3
What is the units digit of 973577?
7
What is the hundred thousands digit of 238890?
2
What is the units digit of 88389?
9
What is the tens digit of 1100681?
8
What is the ten thousands digit of 35280350?
8
What is the tens digit of 187446?
4
What is the ten thousands digit of 1454968?
5
What is the hundred thousands digit of 2633500?
6
What is the thousands digit of 149726?
9
What is the ten thousands digit of 226318?
2
What is the tens digit of 27259680?
8
What is the hundred thousands digit of 230158?
2
What is the hundreds digit of 483986?
9
What is the units digit of 528839?
9
What is the hundreds digit of 3453719?
7
What is the thousands digit of 691207?
1
What is the hundreds digit of 168706?
7
What is the hundreds digit of 2682682?
6
What is the hundred thousands digit of 493435?
4
What is the ten thousands digit of 1380334?
8
What is the hundred thousands digit of 7377760?
3
What is the thousands digit of 392862?
2
What is the hundreds digit of 1039467?
4
What is the hundreds digit of 1015934?
9
What is the hundred thousands digit of 303989?
3
What is the thousands digit of 1428531?
8
What is the thousands digit of 1933414?
3
What is the units digit of 6871776?
6
What is the units digit of 129221?
1
What is the ten thousands digit of 10971641?
7
What is the ten thousands digit of 7983922?
8
What is the hundred thousands digit of 272913?
2
What is the tens digit of 190340?
4
What is the units digit of 5420638?
8
What is the ten thousands digit of 3270309?
7
What is the tens digit of 809111?
1
What is the thousands digit of 17659497?
9
What is the thousands digit of 125768?
5
What is the hundreds digit of 158991?
9
What is the hundreds digit of 53382?
3
What is the thousands digit of 12300312?
0
What is the thousands digit of 269195?
9
What is the tens digit of 560283?
8
What is the ten thousands digit of 40822?
4
What is the tens digit of 165961?
6
What is the ten millions digit of 15712876?
1
What is the ten thousands digit of 1439166?
3
What is the millions digit of 5111069?
5
What is the hundred thousands digit of 699363?
6
What is the units digit of 17962106?
6
What is the hundreds digit of 13024738?
7
What is the hundreds digit of 276606?
6
What is the millions digit of 7155712?
7
What is the thousands digit of 1445568?
5
What is the hundred thousands digit of 1134221?
1
What is the tens digit of 3017490?
9
What is the hundreds digit of 20051240?
2
What is the thousands digit of 236487?
6
What is the thousands digit of 423825?
3
What is the units digit of 225202?
2
What is the hundred thousands digit of 1078244?
0
What is the units digit of 978916?
6
What is the ten millions digit of 10929515?
1
What is the thousands digit of 482711?
2
What is the thousands digit of 208462?
8
What is the millions digit of 7883062?
7
What is the ten thousands digit of 15333?
1
What is the units digit of 392642?
2
What is the ten millions digit of 29321251?
2
What is the hundreds digit of 3697613?
6
What is the hundreds digit of 1175456?
4
What is the millions digit of 1661223?
1
What is the thousands digit of 43942?
3
What is the ten millions digit of 23155317?
2
What is the tens digit of 474778?
7
What is the tens digit of 1960664?
6
What is the thousands digit of 1370279?
0
What is the thousands digit of 323515?
3
What is the ten millions digit of 13218054?
1
What is the hundred thousands digit of 678391?
6
What is the units digit of 31940?
0
What is the units digit of 5920336?
6
What is the tens digit of 244292?
9
What is the hundreds digit of 535302?
3
What is the hundreds digit of 234869?
8
What is the hundreds digit of 677473?
4
What is the thousands digit of 433010?
3
What is the tens digit of 1920288?
8
What is the ten thousands digit of 159143?
5
What is the units digit of 70406?
6
What is the units digit of 607276?
6
What is the ten thousands digit of 725906?
2
What is the hundreds digit of 1133595?
5
What is the ten thousands digit of 578792?
7
What is the hundreds digit of 19947278?
2
What is the millions digit of 4791847?
4
What is the hundreds digit of 421164?
1
What is the tens digit of 11356576?
7
What is the hundred thousands digit of 595659?
5
What is the hundreds digit of 3261511?
5
What is the tens digit of 13730149?
4
What is the units digit of 1510209?
9
What is the millions digit of 5559409?
5
What is the thousands digit of 2931435?
1
What is the tens digit of 209185?
8
What is the tens digit of 266691?
9
What is the units digit of 8947374?
4
What is the hundred thousands digit of 116915?
1
What is the hundreds digit of 5133860?
8
What is the hundred thousands digit of 19336219?
3
What is the millions digit of 2597383?
2
What is the thousands digit of 1318058?
8
What is the thousands digit of 91403?
1
What is the thousands digit of 225621?
5
What is the tens digit of 509605?
0
What is the thousands digit of 1102126?
2
What is the units digit of 693637?
7
What is the ten thousands digit of 560586?
6
What is the thousands digit of 660273?
0
What is the units digit of 1656886?
6
What is the thousands digit of 3049565?
9
What is the thousands digit of 168020?
8
What is the ten thousands digit of 12007564?
0
What is the tens digit of 322149?
4
What is the hundreds digit of 444585?
5
What is the tens digit of 4631111?
1
What is the hundreds digit of 11564919?
9
What is the thousands digit of 795067?
5
What is the ten thousands digit of 319501?
1
What is the hundreds digit of 783914?
9
What is the tens digit of 2394076?
7
What is the units digit of 77832?
2
What is the millions digit of 17964266?
7
What is the thousands digit of 4840188?
0
What is the thousands digit of 11133015?
3
What is the hundreds digit of 202860?
8
What is the ten thousands digit of 691770?
9
What is the units digit of 6954219?
9
What is the hundred thousands digit of 838700?
8
What is the millions digit of 3706442?
3
What is the hundreds digit of 1482026?
0
What is the hundreds digit of 780444?
4
What is the ten thousands digit of 6042662?
4
What is the tens digit of 28161641?
4
What is the ten thousands digit of 223241?
2
What is the hundreds digit of 11381839?
8
What is the units digit of 2325160?
0
What is the hundred thousands digit of 391819?
3
What is the hundreds digit of 250981?
9
What is the tens digit of 1209802?
0
What is the thousands digit of 230434?
0
What is the millions digit of 6157466?
6
What is the tens digit of 1627572?
7
What is the ten thousands digit of 1743688?
4
What is the thousands digit of 3491471?
1
What is the millions digit of 2743270?
2
What is the thousands digit of 3333765?
3
What is the thousands digit of 331697?
1
What is the units digit of 1868676?
6
What is the thousands digit of 4167870?
7
What is the thousands digit of 296095?
6
What is the thousands digit of 140573?
0
What is the tens digit of 2257556?
5
What is the units digit of 87877?
7
What is the hundred thousands digit of 267845?
2
What is the millions digit of 9421345?
9
What is the ten thousands digit of 600552?
0
What is the units digit of 2970042?
2
What is the thousands digit of 218981?
8
What is the hundred t